 16c?
279
In base 7, what is 162 - 121?
41
In base 11, what is 73a - -868?
14a7
In base 6, what is -12 - 22121?
-22133
In base 10, what is -628 + 277?
-351
In base 13, what is 4 - 1c23?
-1c1c
In base 7, what is -6 - 362025?
-362034
In base 5, what is -1 - 203230?
-203231
In base 11, what is -34995 + -2a?
-34a14
In base 14, what is -46814 - -4?
-46810
In base 14, what is d2d6 + -3?
d2d3
In base 12, what is 326 - -5a?
384
In base 2, what is 10100101001 + -101110?
10011111011
In base 4, what is -330023 - 331?
-331020
In base 6, what is -2143 - 5232?
-11415
In base 13, what is 518 + 2?
51a
In base 2, what is -111011011100000011100 - -101?
-111011011100000010111
In base 16, what is b - -10564?
1056f
In base 11, what is 4 + 7a22a9?
7a2302
In base 11, what is -4292 + aa?
-4193
In base 14, what is 5 + -8103?
-80dc
In base 15, what is -86b - 72?
-8dd
In base 14, what is 15db4 - -2?
15db6
In base 15, what is -1 - -64be1?
64be0
In base 6, what is 50 - 4201?
-4111
In base 9, what is 1 + -3055888?
-3055887
In base 12, what is 24739 - 1?
24738
In base 11, what is -878 - 5?
-882
In base 5, what is -30421 + 10?
-30411
In base 16, what is 3 + 152c3?
152c6
In base 4, what is -21133012 + -20?
-21133032
In base 2, what is 10111 - -100101010000?
100101100111
In base 16, what is -5 - d8d2?
-d8d7
In base 13, what is -5 - -12320?
12318
In base 12, what is 0 + 5972?
5972
In base 6, what is -543 + 2025?
1042
In base 11, what is 13a + -7?
133
In base 13, what is -30c50 - 8?
-30c58
In base 9, what is -46334 - 88?
-46433
In base 4, what is 1322220 - 102?
1322112
In base 6, what is -2220 + 244?
-1532
In base 5, what is -42123 - 11?
-42134
In base 15, what is 3 - -485e?
4862
In base 10, what is -1 - 33073?
-33074
In base 15, what is 3 + 82b?
82e
In base 2, what is 11101100 - 1010011100?
-110110000
In base 15, what is 17 - 21?
-9
In base 5, what is -31034 - -12?
-31022
In base 9, what is 25663 - -1?
25664
In base 6, what is -15043 + -11?
-15054
In base 5, what is 324233 + -11?
324222
In base 9, what is 2620 + -65?
2544
In base 16, what is -117 + 1e8?
d1
In base 4, what is -20210 + -312013?
-332223
In base 12, what is -422b - -42?
-41a9
In base 6, what is 340 + -111?
225
In base 9, what is -1765 - -42?
-1723
In base 8, what is 1 - -2442115?
2442116
In base 5, what is 23 - -44122?
44200
In base 3, what is -1211 - -1020202002?
1020200021
In base 8, what is 30504 - 23?
30461
In base 12, what is -152 - 134?
-286
In base 11, what is -2334 + -247?
-2580
In base 6, what is -2402024 + 0?
-2402024
In base 11, what is 7722 + -6?
7717
In base 3, what is -10111010002 - -11?
-10111002221
In base 12, what is -340a7 + 18?
-3408b
In base 4, what is -103000 + -102111?
-211111
In base 10, what is 4 - -87744?
87748
In base 5, what is 2223042 - 12?
2223030
In base 11, what is 83 + -54180?
-540a8
In base 10, what is -2 - -39903?
39901
In base 5, what is 2 - -12333?
12340
In base 3, what is -2220 + 1010022221?
1010020001
In base 8, what is -725 + 17?
-706
In base 13, what is -b192 - 0?
-b192
In base 10, what is 5 - 11601?
-11596
In base 2, what is -10011 - -1011100011011?
1011100001000
In base 3, what is 201010010 - -1?
201010011
In base 5, what is -3 + 20104422?
20104414
In base 8, what is -4 + 12626?
12622
In base 2, what is -11 + 1011001011011111111?
1011001011011111100
In base 4, what is -221100 - 22?
-221122
In base 5, what is -10412 - 130?
-11042
In base 5, what is -111 + 3030?
2414
In base 13, what is -6a31 - 5?
-6a36
In base 13, what is b + 9595?
95a3
In base 8, what is -1366 + -2061?
-3447
In base 13, what is 9939 - -2?
993b
In base 11, what is -100302 + -6?
-100308
In base 2, what is 1000110000001100 + 11?
1000110000001111
In base 10, what is 5 - -920889?
920894
In base 14, what is 34d802 + 0?
34d802
In base 15, what is e19e - -4?
e1a3
In base 12, what is 212 - -1220?
1432
In base 5, what is -1240 + 1321?
31
In base 8, what is -2 + -1063617?
-1063621
In base 12, what is 5 + -7b3?
-7aa
In base 6, what is 1031 - -3243?
4314
In base 8, what is -11072 + -25?
-11117
In base 9, what is -501216 - -1?
-501215
In base 16, what is -d57b + -1?
-d57c
In base 16, what is 42f3 + 5?
42f8
In base 6, what is 105052 - 4?
105044
In base 7, what is 11224103 - -3?
11224106
In base 12, what is -23b7 - 1?
-23b8
In base 14, what is -1 - -3872?
3871
In base 9, what is 2 - 1048033?
-1048031
In base 4, what is 10 + 23313322?
23313332
In base 13, what is -5 + -1a361?
-1a366
In base 12, what is 1 + -34?
-33
In base 14, what is -3b8 + -54?
-42c
In base 3, what is 10112 + 11?
10200
In base 10, what is 9988 + -197?
9791
In base 6, what is 3055 + 215?
3314
In base 12, what is -13 - -3601?
35aa
In base 7, what is -2 - 3165661?
-3165663
In base 3, what is 122 - -11212111?
11220010
In base 4, what is 133 + -231?
-32
In base 5, what is -2 + 30424?
30422
In base 14, what is -23580 - -6?
-23578
In base 3, what is -2000 + -111102?
-120102
In base 10, what is 669 + -103?
566
In base 2, what is 110110100101100111 + 10?
110110100101101001
In base 5, what is -341 + 1204003?
1203112
In base 8, what is -24370534 + -5?
-24370541
In base 13, what is -63b0 - -4?
-63a9
In base 10, what is 969 - 2?
967
In base 14, what is -a1 + -137b?
-143c
In base 15, what is -704d6 - 3?
-704d9
In base 3, what is 1112210102 + -21?
1112210011
In base 6, what is 32 + 104353?
104425
In base 16, what is -3 + -e708?
-e70b
In base 5, what is 432 - 101444?
-101012
In base 12, what is 0 - -3b941?
3b941
In base 10, what is 39 + -895?
-856
In base 2, what is -10011000 - -1000000111?
101101111
In base 13, what is -129430 + -7?
-129437
In base 10, what is 4 - 355885?
-355881
In base 13, what is 135 - -2?
137
In base 2, what is -10 - -110110100101011101?
110110100101011011
In base 2, what is 11111010101000 - 10?
11111010100110
In base 5, what is 101413302 - -2?
101413304
In base 15, what is -deb7 + b?
-deab
In base 10, what is -10925 + 294?
-10631
In base 3, what is 22 - 22000220122?
-22000220100
In base 14, what is -c + 1853?
1845
In base 13, what is -1b90 + -35?
-1bc5
In base 8, what is 7552 + 17?
7571
In base 16, what is 5 - 19f91?
-19f8c
In base 3, what is -21 - 202221102112?
-202221102210
In base 3, what is 21 + 1002221011?
1002221102
In base 10, what is 64785 - 2?
64783
In base 8, what is -134757 + 3?
-134754
In base 13, what is 1a - -142b?
1448
In base 3, what is -2122020120 - 2?
-2122020122
In base 16, what is ec + e?
fa
In base 6, what is 121 - 2234?
-2113
In base 14, what is -45a03 + 0?
-45a03
In base 11, what is -378 + -207?
-584
In base 13, what is -37739 - 1?
-3773a
In base 16, what is 1 - 1bc9?
-1bc8
In base 2, what is -1100 - 111001011010010100?
-111001011010100000
In base 13, what is 3c820 - 0?
3c820
In base 9, what is 171585 - -4?
171600
In base 14, what is -6728 + -7?
-6731
In base 3, what is 111212 + 20020?
202002
In base 16, what is -b + 3eb?
3e0
In base 3, what is 222110202000 - 2?
222110201221
In base 13, what is -3a2b + 3?
-3a28
In base 14, what is 8 - -9a72?
9a7a
In base 11, what is 5 - -679?
683
In base 7, what is 235 - -61443?
62011
In base 3, what is -10111222 - -121?
-10111101
In base 9, what is 126107 - -7?
126115
In base 11, what is 43 - 664?
-621
In base 7, what is 341 + -421?
-50
In base 6, what is 113 - -41425?
41542
In base 9, what is -140 + -16325?
-16465
In base 9, what is 4 - 11604?
-11600
In base 13, what is -9b1 + -91?
-a72
In base 12, what is 985b - -89?
9928
In base 15, what is 3 + -6c7e?
-6c7b
In base 3, what is 20220111010 - -10?
20220111020
In base 13, what is -551 - 53?
-5a4
In base 10, what is -33 - 25839?
-25872
In base 11, what is -10 + 575?
565
In base 12, what is 1 + 103a3?
103a4
In base 9, what is 7777 + 21?
7808
In base 14, what is b + 161960?
16196b
In base 7, what is 2 + -23645?
-23643
In base 7, what is -24235 + 5?
-24230
In base 7, what is -1043 - 5524?
-6600
In base 12, what is 6b3 - 58?
657
In base 6, what is 3030 - 412?
2214
In base 3, what is 212 - 112111111?
-112110122
In base 11, what is -8 - -6075?
6068
In base 2, what is -11010010101010111 - 100?
-11010010101011011
In base 16, what is -14a + 19?
-131
In base 9, what is 13 - 34565?
-34552
In base 16, what is -4504 - 44?
-4548
In base 10, what is 1 + 8149?
8150
In base 12, what is 5 + -3404?
-33bb
In base 15, what is 1 - -16676?
16677
In base 4, what